{"id":82,"date":"2014-10-21T21:12:17","date_gmt":"2014-10-21T20:12:17","guid":{"rendered":"http:\/\/metah.imag.fr\/?page_id=81"},"modified":"2014-11-26T17:46:07","modified_gmt":"2014-11-26T16:46:07","slug":"scy","status":"publish","type":"page","link":"http:\/\/metah.imag.fr\/?page_id=82","title":{"rendered":"<!--:fr-->SCY: Science Created by You<!--:--><!--:en-->SCY: Science Created by You<!--:-->"},"content":{"rendered":"<p><!--:fr--><\/p>\n<div class=\"informations\"><span class=\"titre\">Responsable du projet : <\/span><a href=\"mailto:cedric.dham@imag.fr\">C\u00e9dric d&#8217;Ham<\/a><\/p>\n<dl>\n<dd><\/dd>\n<dd><span class=\"titre\">Date de d\u00e9but : <\/span>mars 2008<\/dd>\n<dd><span class=\"titre\">Date de fin : <\/span>f\u00e9vrier 2012<\/dd>\n<dd><span class=\"titre\">Site : <\/span><a href=\"http:\/\/www.scy-net.eu\/\">http:\/\/www.scy-net.eu\/<\/a><\/dd>\n<dd><span class=\"titre\">Membres du projet :<\/span><\/p>\n<ul class=\"spip\">\n<li>Isabelle Girault<\/li>\n<li>Patricia Marzin<\/li>\n<li>Claire Wajeman<\/li>\n<li>Marjolaine Bodin<\/li>\n<li>Rachel Julien<\/li>\n<li>Muriel Ney<\/li>\n<li>Anne Lejeune<\/li>\n<\/ul>\n<\/dd>\n<\/dl>\n<\/div>\n<div class=\"description\">\n<dl>\n<dt>Description du Projet :<\/dt>\n<dd>L\u2019objectif de SCY est de d\u00e9velopper un environnement d\u2019apprentissage flexible qui permet \u00e0 des apprenants adolescents de s\u2019engager activement dans la r\u00e9solution de missions scientifiques. Dans cet environnement -appel\u00e9 le SCY-Lab- les \u00e9tudiants doivent prendre \u00e0 leur compte des probl\u00e8mes scientifiques authentiques qui pourront \u00eatre r\u00e9solus par des t\u00e2ches de construction et de production. La philosophie de l\u2019apprentissage dans SCY est celle de &#8220;<strong>l\u2019apprentissage par la conception d\u2019artefacts<\/strong>&#8220;. Le SCY-Lab fournit une aide adaptative pour ces activit\u00e9s \u00e0 travers de l\u2019\u00e9tayage p\u00e9dagogique, des services de collaboration avec \u00e9valuation par les pairs, et des outils d\u2019\u00e9valuation sociale (social tagging). Les objets cr\u00e9\u00e9s par les \u00e9tudiants (appel\u00e9s ELOs\u00a0: Emerging Learning Objects) sont stock\u00e9s dans un r\u00e9pertoire central et peuvent \u00eatre r\u00e9utilis\u00e9s par les apprenants eux-m\u00eame ou par d\u2019autres. SCY est financ\u00e9 par la Communaut\u00e9 Europ\u00e9enne (IP FP7)<\/p>\n<\/dd>\n<\/dl>\n<\/div>\n<p><!--:--><!--:en--><\/p>\n<div class=\"informations\">\n<div class=\"entete\"><span class=\"name\">&#8211; Science Created by You &#8211;<\/span><\/div>\n<dl>\n<dd><span class=\"titre\">Acronyme : <\/span><img decoding=\"async\" src=\"https:\/\/metah.imag.fr\/IMG\/png\/scy.png\" alt=\"\" height=\"20px\" \/> SCY<\/dd>\n<dd><span class=\"titre\">Responsable du projet : <\/span><a href=\"mailto:cedric.dham@imag.fr\">C\u00e9dric d&#8217;Ham<\/a><\/dd>\n<dd><span class=\"titre\">Date de d\u00e9but : <\/span>mars 2008<\/dd>\n<dd><span class=\"titre\">Date de fin : <\/span>f\u00e9vrier 2012<\/dd>\n<dd><span class=\"titre\">Site : <\/span><a href=\"http:\/\/www.scy-net.eu\/\">http:\/\/www.scy-net.eu\/<\/a><\/dd>\n<dd><span class=\"titre\">Membres du projet :<\/span><\/p>\n<ul class=\"spip\">\n<li>Isabelle Girault<\/li>\n<li>Patricia Marzin<\/li>\n<li>Claire Wajeman<\/li>\n<li>Marjolaine Bodin<\/li>\n<li>Rachel Julien<\/li>\n<li>Muriel Ney<\/li>\n<li>Anne Lejeune<\/li>\n<\/ul>\n<\/dd>\n<\/dl>\n<\/div>\n<div class=\"description\">\n<dl>\n<dt>Description du Projet :<\/dt>\n<dd>L\u2019objectif de SCY est de d\u00e9velopper un environnement d\u2019apprentissage flexible qui permet \u00e0 des apprenants adolescents de s\u2019engager activement dans la r\u00e9solution de missions scientifiques. Dans cet environnement -appel\u00e9 le SCY-Lab- les \u00e9tudiants doivent prendre \u00e0 leur compte des probl\u00e8mes scientifiques authentiques qui pourront \u00eatre r\u00e9solus par des t\u00e2ches de construction et de production. La philosophie de l\u2019apprentissage dans SCY est celle de &#8220;<strong>l\u2019apprentissage par la conception d\u2019artefacts<\/strong>&#8220;. Le SCY-Lab fournit une aide adaptative pour ces activit\u00e9s \u00e0 travers de l\u2019\u00e9tayage p\u00e9dagogique, des services de collaboration avec \u00e9valuation par les pairs, et des outils d\u2019\u00e9valuation sociale (social tagging). Les objets cr\u00e9\u00e9s par les \u00e9tudiants (appel\u00e9s ELOs\u00a0: Emerging Learning Objects) sont stock\u00e9s dans un r\u00e9pertoire central et peuvent \u00eatre r\u00e9utilis\u00e9s par les apprenants eux-m\u00eame ou par d\u2019autres.SCY est financ\u00e9 par la Communaut\u00e9 Europ\u00e9enne (FP7)<\/p>\n<\/dd>\n<\/dl>\n<\/div>\n<p><!--:--><\/p>\n","protected":false},"excerpt":{"rendered":"<p>Responsable du projet : C\u00e9dric d&#8217;Ham Date de d\u00e9but : mars 2008 Date de fin : f\u00e9vrier 2012 Site : http:\/\/www.scy-net.eu\/ Membres du projet : Isabelle Girault Patricia Marzin Claire Wajeman Marjolaine Bodin Rachel Julien Muriel Ney Anne Lejeune Description du Projet : L\u2019objectif de SCY est de d\u00e9velopper un environnement d\u2019apprentissage flexible qui permet [&hellip;]<\/p>\n","protected":false},"author":2,"featured_media":0,"parent":25,"menu_order":0,"comment_status":"closed","ping_status":"open","template":"","meta":{"footnotes":""},"class_list":["post-82","page","type-page","status-publish","hentry"],"_links":{"self":[{"href":"http:\/\/metah.imag.fr\/index.php?rest_route=\/wp\/v2\/pages\/82","targetHints":{"allow":["GET"]}}],"collection":[{"href":"http:\/\/metah.imag.fr\/index.php?rest_route=\/wp\/v2\/pages"}],"about":[{"href":"http:\/\/metah.imag.fr\/index.php?rest_route=\/wp\/v2\/types\/page"}],"author":[{"embeddable":true,"href":"http:\/\/metah.imag.fr\/index.php?rest_route=\/wp\/v2\/users\/2"}],"replies":[{"embeddable":true,"href":"http:\/\/metah.imag.fr\/index.php?rest_route=%2Fwp%2Fv2%2Fcomments&post=82"}],"version-history":[{"count":1,"href":"http:\/\/metah.imag.fr\/index.php?rest_route=\/wp\/v2\/pages\/82\/revisions"}],"predecessor-version":[{"id":228,"href":"http:\/\/metah.imag.fr\/index.php?rest_route=\/wp\/v2\/pages\/82\/revisions\/228"}],"up":[{"embeddable":true,"href":"http:\/\/metah.imag.fr\/index.php?rest_route=\/wp\/v2\/pages\/25"}],"wp:attachment":[{"href":"http:\/\/metah.imag.fr\/index.php?rest_route=%2Fwp%2Fv2%2Fmedia&parent=82"}],"curies":[{"name":"wp","href":"https:\/\/api.w.org\/{rel}","templated":true}]}}