{"id":41,"date":"2014-10-21T20:32:21","date_gmt":"2014-10-21T19:32:21","guid":{"rendered":"http:\/\/metah.imag.fr\/?page_id=41"},"modified":"2025-01-16T13:37:59","modified_gmt":"2025-01-16T12:37:59","slug":"membres","status":"publish","type":"page","link":"https:\/\/metah.imag.fr\/?page_id=41","title":{"rendered":"Members"},"content":{"rendered":"\n<h2>Permanent members.<\/h2>\n<table style=\"width: 800px; font-size: 12px; font-weight: 500;\">\n<tbody>\n<tr>\n<th width=\"25%\" align=\"left\"><b>Last name<\/b><\/th>\n<th width=\"25%\" align=\"left\"><b>First name<\/b><\/th>\n<th width=\"30%\" align=\"left\"><b>Status<\/b><\/th>\n<th width=\"20%\" align=\"left\"><b>Phone number<\/b><\/th>\n<\/tr>\n<tr class=\"odd\">\n<td width=\"25%\" align=\"left\"><a href=\"https:\/\/cv.hal.science\/nicolas-balacheff\" target=\"_blank\" rel=\"noopener noreferrer\">BALACHEFF<br><\/a><\/td>\n<td width=\"25%\" align=\"left\">Nicolas<\/td>\n<td width=\"30%\" align=\"left\">Em\u00e9rite<\/td>\n<td width=\"20%\" align=\"left\">04 57421582<\/td>\n<\/tr>\n<tr class=\"even \">\n<td width=\"25%\" align=\"left\"><a href=\"https:\/\/lig-membres.imag.fr\/beffarae\/\" target=\"_blank\" rel=\"noopener noreferrer\">BEFFARA<br><\/a><\/td>\n<td width=\"25%\" align=\"left\">Emmanuel<\/td>\n<td width=\"30%\" align=\"left\">Ma\u00eetre de conf\u00e9rences<\/td>\n<td width=\"20%\" align=\"left\">04 57421528<\/td>\n<\/tr>\n<tr class=\"odd\">\n<td width=\"25%\" align=\"left\"><a href=\"https:\/\/lig-membres.imag.fr\/denisb\/\" target=\"_blank\" rel=\"noopener noreferrer\">BOUHINEAU<br><\/a><\/td>\n<td width=\"25%\" align=\"left\">Denis<\/td>\n<td width=\"30%\" align=\"left\">Ma\u00eetre de conf\u00e9rences<\/td>\n<td width=\"20%\" align=\"left\">04 57421460<\/td>\n<\/tr>\n<tr class=\"even\">\n<td width=\"25%\" align=\"left\"><a href=\"https:\/\/cv.archives-ouvertes.fr\/hamid-chaachoua\" target=\"_blank\" rel=\"noopener noreferrer\">CHAACHOUA<br><\/a><\/td>\n<td width=\"25%\" align=\"left\">Abdelhamid<\/td>\n<td width=\"30%\" align=\"left\">Professeur<\/td>\n<td width=\"20%\" align=\"left\">04 57421469<\/td>\n<\/tr>\n<tr class=\"even\">\n<td width=\"25%\" align=\"left\"><a href=\"https:\/\/cv.hal.science\/marie-caroline-croset\" target=\"_blank\" rel=\"noopener noreferrer\">CROSET<br><\/a><\/td>\n<td width=\"25%\" align=\"left\">Marie-caroline<\/td>\n<td width=\"30%\" align=\"left\">Ma\u00eetre de conf\u00e9rences<\/td>\n<td width=\"20%\" align=\"left\">&nbsp;<\/td>\n<\/tr>\n<tr class=\"odd\">\n<td width=\"25%\" align=\"left\"><a href=\"https:\/\/cv.archives-ouvertes.fr\/cdham\" target=\"_blank\" rel=\"noopener noreferrer\">D&#8217;HAM<br><\/a><\/td>\n<td width=\"25%\" align=\"left\">C\u00e9dric<\/td>\n<td width=\"30%\" align=\"left\">Ma\u00eetre de conf\u00e9rences<\/td>\n<td width=\"20%\" align=\"left\">04 56528908<\/td>\n<\/tr>\n<tr class=\"even\">\n<td width=\"25%\" align=\"left\"><a href=\"https:\/\/lig-membres.imag.fr\/desmoulins\/\" target=\"_blank\" rel=\"noopener noreferrer\">DESMOULINS<br><\/a><\/td>\n<td width=\"25%\" align=\"left\">Cyrille<\/td>\n<td width=\"30%\" align=\"left\">Ma\u00eetre de conf\u00e9rences<\/td>\n<td width=\"20%\" align=\"left\">04 57421483<\/td>\n<\/tr>\n<tr class=\"odd\">\n<td width=\"25%\" align=\"left\">DOUADY<\/td>\n<td width=\"25%\" align=\"left\">Julien<\/td>\n<td width=\"30%\" align=\"left\">Ma\u00eetre de conf\u00e9rences<\/td>\n<td width=\"20%\" align=\"left\">04 57421531<\/td>\n<\/tr>\n<tr class=\"even\">\n<td width=\"25%\" align=\"left\"><a href=\"https:\/\/cv.archives-ouvertes.fr\/isabelle-girault\" target=\"_blank\" rel=\"noopener noreferrer\">GIRAULT<br><\/a><\/td>\n<td width=\"25%\" align=\"left\">Isabelle<\/td>\n<td width=\"30%\" align=\"left\">Ma\u00eetre de conf\u00e9rences<\/td>\n<td width=\"20%\" align=\"left\">04 57421503<\/td>\n<\/tr>\n<tr class=\"odd\">\n<td width=\"25%\" align=\"left\"><a href=\"https:\/\/cv.archives-ouvertes.fr\/christian-hoffmann\" target=\"_blank\" rel=\"noopener noreferrer\">HOFFMANN<br><\/a><\/td>\n<td width=\"25%\" align=\"left\">Christian<\/td>\n<td width=\"30%\" align=\"left\">Ma\u00eetre de conf\u00e9rences<\/td>\n<td width=\"20%\" align=\"left\">04 57421619<\/td>\n<\/tr>\n<tr class=\"even\">\n<td width=\"25%\" align=\"left\"><a href=\"https:\/\/lig-membres.imag.fr\/jambon\/\" target=\"_blank\" rel=\"noopener noreferrer\">JAMBON<br><\/a><\/td>\n<td width=\"25%\" align=\"left\">Francis<\/td>\n<td width=\"30%\" align=\"left\">Ma\u00eetre de conf\u00e9rences<\/td>\n<td width=\"20%\" align=\"left\">04 57421513<\/td>\n<\/tr>\n<tr class=\"odd\">\n<td width=\"25%\" align=\"left\"><a href=\"https:\/\/cv.hal.science\/maelle-planche?langChosen=fr\" target=\"_blank\" rel=\"noopener noreferrer\">PLANCHE<br><\/a><\/td>\n<td width=\"25%\" align=\"left\">Maelle<\/td>\n<td width=\"30%\" align=\"left\">Ing\u00e9nieur de recherche<\/td>\n<td width=\"20%\" align=\"left\">&nbsp;<\/td>\n<\/tr>\n<tr class=\"even\">\n<td width=\"25%\" align=\"left\"><a href=\"https:\/\/cv.hal.science\/sophie-soury-lavergne\" target=\"_blank\" rel=\"noopener noreferrer\">SOURY-LAVERGNE<br><\/a><\/td>\n<td width=\"25%\" align=\"left\">Sophie<\/td>\n<td width=\"30%\" align=\"left\">Ma\u00eetre de conf\u00e9rences<\/td>\n<td width=\"20%\" align=\"left\">04 57421523<\/td>\n<\/tr>\n<tr class=\"odd\">\n<td width=\"25%\" align=\"left\">WAJEMAN<\/td>\n<td width=\"25%\" align=\"left\">Claire<\/td>\n<td width=\"30%\" align=\"left\">Ma\u00eetre de conf\u00e9rences<\/td>\n<td width=\"20%\" align=\"left\">04 57421573<\/td>\n<\/tr>\n<\/tbody>\n<\/table>\n<h2>Non-permanent members.<\/h2>\n<table style=\"width: 800px; font-size: 12px; font-weight: 500;\">\n<tbody>\n<tr>\n<th width=\"25%\" align=\"left\"><b>Last name<\/b><\/th>\n<th width=\"25%\" align=\"left\"><b>First name<\/b><\/th>\n<th width=\"30%\" align=\"left\"><b>Status<\/b><\/th>\n<th width=\"20%\" align=\"left\"><b>&nbsp;<\/b><\/th>\n<\/tr>\n<tr class=\"even\">\n<td width=\"25%\" align=\"left\">COLIN DE VERDIERE<\/td>\n<td width=\"25%\" align=\"left\">R\u00e9mi<\/td>\n<td width=\"30%\" align=\"left\">Ing\u00e9nieur de recherche<\/td>\n<td width=\"20%\" align=\"left\">&nbsp;<\/td>\n<\/tr>\n<tr class=\"odd\">\n<td width=\"25%\" align=\"left\">ERRICO<\/td>\n<td width=\"25%\" align=\"left\">Clara<\/td>\n<td width=\"30%\" align=\"left\">Doctorante<\/td>\n<td width=\"20%\" align=\"left\">&nbsp;<\/td>\n<\/tr>\n<tr class=\"odd\">\n<td width=\"25%\" align=\"left\">ESCLAFIT<\/td>\n<td width=\"25%\" align=\"left\">Pierre<\/td>\n<td width=\"30%\" align=\"left\">Doctorant<\/td>\n<td width=\"20%\" align=\"left\">&nbsp;<\/td>\n<\/tr>\n<tr class=\"odd\">\n<td width=\"25%\" align=\"left\">JAMET<\/td>\n<td width=\"25%\" align=\"left\">Jean-Michel<\/td>\n<td width=\"30%\" align=\"left\">Doctorant<\/td>\n<td width=\"20%\" align=\"left\">&nbsp;<\/td>\n<\/tr>\n<tr class=\"odd\">\n<td width=\"25%\" align=\"left\">LECUYER\u2014CHARDEVEL<\/td>\n<td width=\"25%\" align=\"left\">Simon<\/td>\n<td width=\"30%\" align=\"left\">Doctorant<\/td>\n<td width=\"20%\" align=\"left\">&nbsp;<\/td>\n<\/tr>\n<tr class=\"even\">\n<td width=\"25%\" align=\"left\">REBAUDO<\/td>\n<td width=\"25%\" align=\"left\">S\u00e9bastien<\/td>\n<td width=\"30%\" align=\"left\">Doctorant<\/td>\n<td width=\"20%\" align=\"left\">&nbsp;<\/td>\n<\/tr>\n<tr class=\"even\">\n<td width=\"25%\" align=\"left\">SISCO<\/td>\n<td width=\"25%\" align=\"left\">Clara<\/td>\n<td width=\"30%\" align=\"left\">Doctorante<\/td>\n<td width=\"20%\" align=\"left\">&nbsp;<\/td>\n<\/tr>\n<tr class=\"even\">\n<td width=\"25%\" align=\"left\">WACHTEL<\/td>\n<td width=\"25%\" align=\"left\">St\u00e9phanie<\/td>\n<td width=\"30%\" align=\"left\">Doctorant<\/td>\n<td width=\"20%\" align=\"left\">&nbsp;<\/td>\n<\/tr>\n<\/tbody>\n<\/table>\n<h2>Former members.<\/h2>\n<table style=\"width: 800px; font-size: 12px; font-weight: 500;\">\n<tbody>\n<tr>\n<th width=\"25%\" align=\"left\"><b>Last name<\/b><\/th>\n<th width=\"25%\" align=\"left\"><b>First name<\/b><\/th>\n<th width=\"30%\" align=\"left\"><b>Status<\/b><\/th>\n<th width=\"20%\" align=\"left\"><b>&nbsp;<\/b><\/th>\n<\/tr>\n<tr class=\"odd\">\n<td width=\"25%\" align=\"left\">ADAM<\/td>\n<td width=\"25%\" align=\"left\">Jean-Michel<\/td>\n<td width=\"30%\" align=\"left\">Ma\u00eetre de conf\u00e9rences<\/td>\n<td width=\"20%\" align=\"left\">&nbsp;<\/td>\n<\/tr>\n<tr class=\"odd\">\n<td width=\"25%\" align=\"left\">BESSOT<\/td>\n<td width=\"25%\" align=\"left\">Annie<\/td>\n<td width=\"30%\" align=\"left\">Ma\u00eetre de conf\u00e9rences<\/td>\n<td width=\"20%\" align=\"left\">&nbsp;<\/td>\n<\/tr>\n<tr class=\"even \">\n<td width=\"25%\" align=\"left\">BIREBENT<\/td>\n<td width=\"25%\" align=\"left\">Alain<\/td>\n<td width=\"30%\" align=\"left\">Ma\u00eetre de conf\u00e9rences<\/td>\n<td width=\"20%\" align=\"left\">&nbsp;<\/td>\n<\/tr>\n<tr class=\"odd\">\n<td width=\"25%\" align=\"left\">BONNAT<\/td>\n<td width=\"25%\" align=\"left\">Catherine<\/td>\n<td width=\"30%\" align=\"left\">Doctorant \/ ATER<\/td>\n<td width=\"20%\" align=\"left\">&nbsp;<\/td>\n<\/tr>\n<tr class=\"odd\">\n<td width=\"25%\" align=\"left\">BRASSET<\/td>\n<td width=\"25%\" align=\"left\">Nathalie<\/td>\n<td width=\"30%\" align=\"left\">Doctorant<\/td>\n<td width=\"20%\" align=\"left\">&nbsp;<\/td>\n<\/tr>\n<tr class=\"even\">\n<td width=\"25%\" align=\"left\">BRUN RAMOUSSE<\/td>\n<td width=\"25%\" align=\"left\">V\u00e9ronique<\/td>\n<td width=\"30%\" align=\"left\">Doctorant<\/td>\n<td width=\"20%\" align=\"left\">&nbsp;<\/td>\n<\/tr>\n<tr class=\"odd\">\n<td width=\"25%\" align=\"left\">CRISCI<\/td>\n<td width=\"25%\" align=\"left\">Rosamaria<\/td>\n<td width=\"30%\" align=\"left\">Doctorant<\/td>\n<td width=\"20%\" align=\"left\">&nbsp;<\/td>\n<\/tr>\n<tr class=\"odd\">\n<td width=\"25%\" align=\"left\">DE LIMA SOBREIRA<\/td>\n<td width=\"25%\" align=\"left\">P\u00e9ricl\u00e8s<\/td>\n<td width=\"30%\" align=\"left\">ATER<\/td>\n<td width=\"20%\" align=\"left\">&nbsp;<\/td>\n<\/tr>\n<tr class=\"even\">\n<td width=\"25%\" align=\"left\">DIATTARA<\/td>\n<td width=\"25%\" align=\"left\">Awa<\/td>\n<td width=\"30%\" align=\"left\">Doctorant<\/td>\n<td width=\"20%\" align=\"left\">&nbsp;<\/td>\n<\/tr>\n<tr class=\"even\">\n<td width=\"25%\" align=\"left\">FERRATON<\/td>\n<td width=\"25%\" align=\"left\">Genevi\u00e8ve<\/td>\n<td width=\"30%\" align=\"left\">Doctorant<\/td>\n<td width=\"20%\" align=\"left\">&nbsp;<\/td>\n<\/tr>\n<tr class=\"odd\">\n<td width=\"25%\" align=\"left\">GANNAZ<\/td>\n<td width=\"25%\" align=\"left\">Fran\u00e7ois<\/td>\n<td width=\"30%\" align=\"left\">Ing\u00e9nieur de recherche<\/td>\n<td width=\"20%\" align=\"left\">&nbsp;<\/td>\n<\/tr>\n<tr class=\"even\">\n<td width=\"25%\" align=\"left\">GEOURJON<\/td>\n<td width=\"25%\" align=\"left\">Anthony<\/td>\n<td width=\"30%\" align=\"left\">Ing\u00e9nieur de recherche<\/td>\n<td width=\"20%\" align=\"left\">&nbsp;<\/td>\n<\/tr>\n<tr class=\"even\">\n<td width=\"25%\" align=\"left\">GUERAUD<\/td>\n<td width=\"25%\" align=\"left\">Viviane<\/td>\n<td width=\"30%\" align=\"left\">Ma\u00eetre de conf\u00e9rences<\/td>\n<td width=\"20%\" align=\"left\">&nbsp;<\/td>\n<\/tr>\n<tr class=\"odd\">\n<td width=\"25%\" align=\"left\">JOLIVET<\/td>\n<td width=\"25%\" align=\"left\">S\u00e9bastien<\/td>\n<td width=\"30%\" align=\"left\">Doctorant  \/ ATER<\/td>\n<td width=\"20%\" align=\"left\">&nbsp;<\/td>\n<\/tr>\n<tr class=\"even \">\n<td width=\"25%\" align=\"left\">KASPARY<\/td>\n<td width=\"25%\" align=\"left\">Danielly<\/td>\n<td width=\"30%\" align=\"left\">Doctorante \/ Postdoc<\/td>\n<td width=\"20%\" align=\"left\">&nbsp;<\/td>\n<\/tr>\n<tr class=\"odd\">\n<td width=\"25%\" align=\"left\">LEJEUNE<\/td>\n<td width=\"25%\" align=\"left\">Anne<\/td>\n<td width=\"30%\" align=\"left\">Ma\u00eetre de conf\u00e9rences<\/td>\n<td width=\"20%\" align=\"left\">&nbsp;<\/td>\n<\/tr>\n<tr class=\"odd\">\n<td width=\"25%\" align=\"left\">LUENGO<\/td>\n<td width=\"25%\" align=\"left\">Vanda<\/td>\n<td width=\"30%\" align=\"left\">Professeur<\/td>\n<td width=\"20%\" align=\"left\">&nbsp;<\/td>\n<\/tr>\n<tr class=\"odd\">\n<td width=\"25%\" align=\"left\">MARZIN<\/td>\n<td width=\"25%\" align=\"left\">Patricia<\/td>\n<td width=\"30%\" align=\"left\">Ma\u00eetre de conf\u00e9rences<\/td>\n<td width=\"20%\" align=\"left\">&nbsp;<\/td>\n<\/tr>\n<tr class=\"even \">\n<td width=\"25%\" align=\"left\">MICHAU<\/td>\n<td width=\"25%\" align=\"left\">Florence<\/td>\n<td width=\"30%\" align=\"left\">Professeur<\/td>\n<td width=\"20%\" align=\"left\">&nbsp;<\/td>\n<\/tr>\n<tr class=\"even\">\n<td width=\"25%\" align=\"left\">NEY<\/td>\n<td width=\"25%\" align=\"left\">Muriel<\/td>\n<td width=\"30%\" align=\"left\">Charg\u00e9 de recherche<\/td>\n<td width=\"20%\" align=\"left\">&nbsp;<\/td>\n<\/tr>\n<tr class=\"even\">\n<td width=\"25%\" align=\"left\">NOVEL<\/td>\n<td width=\"25%\" align=\"left\">Hugo<\/td>\n<td width=\"30%\" align=\"left\">Ing\u00e9nieur de recherche<\/td>\n<td width=\"20%\" align=\"left\">&nbsp;<\/td>\n<\/tr>\n<tr class=\"odd\">\n<td width=\"25%\" align=\"left\">ORTEGA<\/td>\n<td width=\"25%\" align=\"left\">Michael<\/td>\n<td width=\"30%\" align=\"left\">Ing\u00e9nieur de recherche<\/td>\n<td width=\"20%\" align=\"left\">&nbsp;<\/td>\n<\/tr>\n<tr class=\"even\">\n<td width=\"25%\" align=\"left\">PERNIN<\/td>\n<td width=\"25%\" align=\"left\">Jean-Philippe<\/td>\n<td width=\"30%\" align=\"left\">Ma\u00eetre de conf\u00e9rences<\/td>\n<td width=\"20%\" align=\"left\">&nbsp;<\/td>\n<\/tr>\n<tr class=\"even\">\n<td width=\"25%\" align=\"left\">PRIOR<\/td>\n<td width=\"25%\" align=\"left\">Estelle<\/td>\n<td width=\"30%\" align=\"left\">Ing\u00e9nieur de recherche<\/td>\n<td width=\"20%\" align=\"left\">&nbsp;<\/td>\n<\/tr>\n<tr class=\"odd\">\n<td width=\"25%\" align=\"left\">SAAVEDRA GOMEZ<\/td>\n<td width=\"25%\" align=\"left\">Reinaldo Javier<\/td>\n<td width=\"30%\" align=\"left\">Doctorant<\/td>\n<td width=\"20%\" align=\"left\">&nbsp;<\/td>\n<\/tr>\n<tr class=\"even\">\n<td width=\"25%\" align=\"left\">SY<\/td>\n<td width=\"25%\" align=\"left\">Mohameth Fran\u00e7ois<\/td>\n<td width=\"30%\" align=\"left\">Postdoc<\/td>\n<td width=\"20%\" align=\"left\">&nbsp;<\/td>\n<\/tr>\n<tr class=\"odd\">\n<td width=\"25%\" align=\"left\">TCHOUNIKINE<\/td>\n<td width=\"25%\" align=\"left\">Pierre<\/td>\n<td width=\"30%\" align=\"left\">Professeur<\/td>\n<td width=\"20%\" align=\"left\">&nbsp;<\/td>\n<\/tr>\n<tr class=\"odd\">\n<td width=\"25%\" align=\"left\">TOUSSAINT<\/td>\n<td width=\"25%\" align=\"left\">Ben Manson<\/td>\n<td width=\"30%\" align=\"left\">Doctorant<\/td>\n<td width=\"20%\" align=\"left\">&nbsp;<\/td>\n<\/tr>\n<tr class=\"even\">\n<td width=\"25%\" align=\"left\">VILLIOT-LECLERCQ<\/td>\n<td width=\"25%\" align=\"left\">Emmanuelle<\/td>\n<td width=\"30%\" align=\"left\">Past\/Prag<\/td>\n<td width=\"20%\" align=\"left\">&nbsp;<\/td>\n<\/tr>\n<tr class=\"odd\">\n<td width=\"25%\" align=\"left\">VU THI MY<\/td>\n<td width=\"25%\" align=\"left\">Hung<\/td>\n<td width=\"30%\" align=\"left\">Doctorant<\/td>\n<td width=\"20%\" align=\"left\">&nbsp;<\/td>\n<\/tr>\n<tr class=\"even\">\n<td width=\"25%\" align=\"left\">WANG<\/td>\n<td width=\"25%\" align=\"left\">Patrick<\/td>\n<td width=\"30%\" align=\"left\">Doctorant<\/td>\n<td width=\"20%\" align=\"left\">&nbsp;<\/td>\n<\/tr>\n<\/tbody>\n<\/table>\n<p><!--:--><\/p>\n\n\n<p><\/p>\n\n\n\n<p><\/p>\n\n\n\n<p><\/p>\n","protected":false},"excerpt":{"rendered":"<p>Permanent members. Last name First name Status Phone number BALACHEFF Nicolas Em\u00e9rite 04 57421582 BEFFARA Emmanuel Ma\u00eetre de conf\u00e9rences 04 57421528 BOUHINEAU Denis Ma\u00eetre de conf\u00e9rences 04 57421460 CHAACHOUA Abdelhamid Professeur 04 57421469 CROSET Marie-caroline Ma\u00eetre de conf\u00e9rences &nbsp; D&#8217;HAM C\u00e9dric Ma\u00eetre de conf\u00e9rences 04 56528908 DESMOULINS Cyrille Ma\u00eetre de conf\u00e9rences 04 57421483 DOUADY Julien [&hellip;]<\/p>\n","protected":false},"author":2,"featured_media":0,"parent":0,"menu_order":0,"comment_status":"closed","ping_status":"open","template":"","meta":{"footnotes":""},"class_list":["post-41","page","type-page","status-publish","hentry"],"_links":{"self":[{"href":"https:\/\/metah.imag.fr\/index.php?rest_route=\/wp\/v2\/pages\/41","targetHints":{"allow":["GET"]}}],"collection":[{"href":"https:\/\/metah.imag.fr\/index.php?rest_route=\/wp\/v2\/pages"}],"about":[{"href":"https:\/\/metah.imag.fr\/index.php?rest_route=\/wp\/v2\/types\/page"}],"author":[{"embeddable":true,"href":"https:\/\/metah.imag.fr\/index.php?rest_route=\/wp\/v2\/users\/2"}],"replies":[{"embeddable":true,"href":"https:\/\/metah.imag.fr\/index.php?rest_route=%2Fwp%2Fv2%2Fcomments&post=41"}],"version-history":[{"count":64,"href":"https:\/\/metah.imag.fr\/index.php?rest_route=\/wp\/v2\/pages\/41\/revisions"}],"predecessor-version":[{"id":459,"href":"https:\/\/metah.imag.fr\/index.php?rest_route=\/wp\/v2\/pages\/41\/revisions\/459"}],"wp:attachment":[{"href":"https:\/\/metah.imag.fr\/index.php?rest_route=%2Fwp%2Fv2%2Fmedia&parent=41"}],"curies":[{"name":"wp","href":"https:\/\/api.w.org\/{rel}","templated":true}]}}